 prime factors of 958?
2, 479
What are the prime factors of 53648?
2, 7, 479
What are the prime factors of 607?
607
List the prime factors of 1238.
2, 619
What are the prime factors of 7987?
7, 163
List the prime factors of 70586.
2, 29, 1217
List the prime factors of 10538.
2, 11, 479
List the prime factors of 99997.
19, 277
List the prime factors of 17797.
13, 37
What are the prime factors of 27610?
2, 5, 11, 251
What are the prime factors of 11772?
2, 3, 109
What are the prime factors of 47789?
7, 6827
List the prime factors of 2948.
2, 11, 67
List the prime factors of 3458.
2, 7, 13, 19
What are the prime factors of 681?
3, 227
List the prime factors of 20447.
7, 23, 127
What are the prime factors of 3923?
3923
What are the prime factors of 5451?
3, 23, 79
List the prime factors of 25218.
2, 3, 467
What are the prime factors of 10596?
2, 3, 883
What are the prime factors of 2309?
2309
List the prime factors of 9897.
3, 3299
List the prime factors of 67624.
2, 79, 107
What are the prime factors of 3845?
5, 769
List the prime factors of 4696.
2, 587
What are the prime factors of 6800?
2, 5, 17
List the prime factors of 1252.
2, 313
List the prime factors of 205.
5, 41
List the prime factors of 4986.
2, 3, 277
What are the prime factors of 9078?
2, 3, 17, 89
List the prime factors of 11352.
2, 3, 11, 43
What are the prime factors of 1521?
3, 13
List the prime factors of 30455.
5, 6091
List the prime factors of 4064.
2, 127
What are the prime factors of 898?
2, 449
List the prime factors of 123346.
2, 61673
What are the prime factors of 75284?
2, 11, 29, 59
What are the prime factors of 20857?
20857
What are the prime factors of 4702?
2, 2351
What are the prime factors of 1533?
3, 7, 73
List the prime factors of 8470.
2, 5, 7, 11
What are the prime factors of 173462?
2, 43, 2017
List the prime factors of 6251.
7, 19, 47
List the prime factors of 5399.
5399
What are the prime factors of 930?
2, 3, 5, 31
List the prime factors of 1436.
2, 359
What are the prime factors of 290?
2, 5, 29
List the prime factors of 8108.
2, 2027
List the prime factors of 1948.
2, 487
List the prime factors of 1889.
1889
What are the prime factors of 4318?
2, 17, 127
What are the prime factors of 1598?
2, 17, 47
What are the prime factors of 6747?
3, 13, 173
What are the prime factors of 409?
409
What are the prime factors of 19695?
3, 5, 13, 101
What are the prime factors of 13495?
5, 2699
What are the prime factors of 5171?
5171
List the prime factors of 4313.
19, 227
List the prime factors of 53933.
11, 4903
What are the prime factors of 1538?
2, 769
List the prime factors of 624.
2, 3, 13
What are the prime factors of 261?
3, 29
List the prime factors of 29951.
61, 491
What are the prime factors of 2339?
2339
What are the prime factors of 11696?
2, 17, 43
List the prime factors of 252.
2, 3, 7
List the prime factors of 22505.
5, 7, 643
List the prime factors of 13798.
2, 6899
What are the prime factors of 1913?
1913
List the prime factors of 34665.
3, 5, 2311
List the prime factors of 384.
2, 3
What are the prime factors of 89108?
2, 22277
List the prime factors of 95816.
2, 7, 29, 59
List the prime factors of 43377.
3, 19, 761
List the prime factors of 265.
5, 53
List the prime factors of 93.
3, 31
List the prime factors of 919.
919
List the prime factors of 746.
2, 373
What are the prime factors of 7101?
3, 263
What are the prime factors of 21920?
2, 5, 137
What are the prime factors of 3220?
2, 5, 7, 23
What are the prime factors of 42?
2, 3, 7
What are the prime factors of 115929?
3, 11, 1171
List the prime factors of 2632.
2, 7, 47
What are the prime factors of 2844?
2, 3, 79
List the prime factors of 385.
5, 7, 11
List the prime factors of 1566.
2, 3, 29
What are the prime factors of 805?
5, 7, 23
What are the prime factors of 1318?
2, 659
What are the prime factors of 496?
2, 31
List the prime factors of 92572.
2, 23143
List the prime factors of 1291.
1291
List the prime factors of 118751.
118751
What are the prime factors of 119608?
2, 14951
What are the prime factors of 591?
3, 197
List the prime factors of 9008.
2, 563
What are the prime factors of 1539?
3, 19
What are the prime factors of 1199?
11, 109
What are the prime factors of 348?
2, 3, 29
List the prime factors of 146361.
3, 48787
List the prime factors of 22036.
2, 7, 787
What are the prime factors of 17747?
17747
List the prime factors of 23667.
3, 7, 23
What are the prime factors of 1470?
2, 3, 5, 7
What are the prime factors of 329?
7, 47
List the prime factors of 4617.
3, 19
What are the prime factors of 9847?
43, 229
List the prime factors of 109832.
2, 13729
What are the prime factors of 84419?
29, 41, 71
What are the prime factors of 7672?
2, 7, 137
List the prime factors of 18259.
19, 31
List the prime factors of 5850.
2, 3, 5, 13
List the prime factors of 9361.
11, 23, 37
List the prime factors of 6304.
2, 197
List the prime factors of 9576.
2, 3, 7, 19
List the prime factors of 29141.
7, 23, 181
List the prime factors of 30126.
2, 3, 5021
What are the prime factors of 743?
743
List the prime factors of 153685.
5, 7, 4391
List the prime factors of 27839.
7, 41, 97
List the prime factors of 9589.
43, 223
What are the prime factors of 15743?
7, 13, 173
List the prime factors of 1057.
7, 151
What are the prime factors of 8279?
17, 487
List the prime factors of 13592.
2, 1699
What are the prime factors of 2483?
13, 191
What are the prime factors of 799?
17, 47
What are the prime factors of 3044?
2, 761
What are the prime factors of 584?
2, 73
List the prime factors of 843.
3, 281
What are the prime factors of 792?
2, 3, 11
List the prime factors of 2592.
2, 3
List the prime factors of 85624.
2, 7, 11, 139
List the prime factors of 69852.
2, 3, 5821
List the prime factors of 1924.
2, 13, 37
What are the prime factors of 12441?
3, 11, 13, 29
List the prime factors of 2607.
3, 11, 79
List the prime factors of 17703.
3, 7, 281
List the prime factors of 72697.
139, 523
What are the prime factors of 175?
5, 7
List the prime factors of 16767.
3, 23
What are the prime factors of 67002?
2, 3, 13, 859
List the prime factors of 13019.
47, 277
List the prime factors of 1249.
1249
What are the prime factors of 2429?
7, 347
List the prime factors of 8247.
3, 2749
What are the prime factors of 620?
2, 5, 31
List the prime factors of 4904.
2, 613
List the prime factors of 7781.
31, 251
List the prime factors of 2761.
11, 251
What are the prime factors of 13467?
3, 67
List the prime factors of 33842.
2, 16921
List the prime factors of 20864.
2, 163
List the prime factors of 1665.
3, 5, 37
What are the prime factors of 2994?
2, 3, 499
List the prime factors of 90514.
2, 167, 271
List the prime factors of 6.
2, 3
What are the prime factors of 91?
7, 13
List the prime factors of 8035.
5, 1607
What are the prime factors of 256?
2
What are the prime factors of 8561?
7, 1223
List the prime factors of 2760.
2, 3, 5, 23
What are the prime factors of 52883?
52883
List the prime factors of 6713.
7, 137
What are the prime factors of 35027?
35027
List the prime factors of 567.
3, 7
List the prime factors of 491.
491
List the prime factors of 8982.
2, 3, 499
List the prime factors of 1184.
2, 37
What are the prime factors of 92?
2, 23
What are the prime factors of 10936?
2, 1367
What are the prime factors of 612?
2, 3, 17
What are the prime factors of 1012?
2, 11, 23
List the prime factors of 55135.
5, 11027
What are the prime factors of 4342?
2, 13, 167
List the prime factors of 1812.
2, 3, 151
List the prime factors of 1954.
2, 977
What are the prime factors of 41594?
2, 7, 2971
What are the prime factors of 5659?
5659
What are the prime factors of 571?
571
What are the prime factors of 15258?
2, 3, 2543
List the prime factors of 52639.
52639
What are the prime factors of 1089?
3, 11
What are the prime factors of 2169?
3, 241
What are the prime factors of 187645?
5, 37529
What are the prime factors of 1027?
13, 79
What are the prime factors of 713?
23, 31
List the prime factors of 11124.
2, 3, 103
What are the prime factors of 30860?
2, 5, 1543
What are the prime factors of 2015?
5, 13, 31
What are the prime factors of 3648?
2, 3, 19
List the prime factors of 62005.
5, 12401
What are the prime factors of 2105?
5